 Suppose -y - 2 = -2*c. Let q(m) = 2*m**2 + 5*m + 4. Let j(b) = -4*b**2 - 8*b - 7. Let u(n) = -4*j(n) - 7*q(n). Determine u(c).
2
Let l(g) = -2*g**2 + 31*g - 35. Let x be l(14). Let b(r) = -r + 14. Calculate b(x).
7
Let p = -159 + 162. Let k(a) = -a - 5*a**3 - 6*a**2 - a**p + 5*a**3 + 3 + 0*a. Calculate k(-6).
9
Let w(i) = -66*i**2 + 19*i - 16. Let z(j) = -42*j**2 + 12*j - 10. Let b(g) = 5*w(g) - 8*z(g). Suppose -2*n + 12 = n. Let m be (n/(-12))/(1/3). Determine b(m).
7
Let k = 121 + -119. Let o(y) = 4*y - 3. Determine o(k).
5
Let c(u) = u - 5. Let y = -24 + 29. Suppose -3*v + 5 = -2*z, -2*v = 3*v - y*z. Calculate c(v).
0
Let w(b) = -15*b**2 + 9*b - 6. Let d(c) = 7*c**2 - 4*c + 3. Let x(h) = -13*d(h) - 6*w(h). Let q be x(-2). Let i(m) = -m**3 - m**2 + 2*m - 3. What is i(q)?
9
Let i = 2313 - 2314. Let m(r) = 16*r + 6. What is m(i)?
-10
Let t(r) = 25*r**2 - 16*r - 13. Let p(w) = 21*w**2 - 15*w - 14. Let l(h) = -6*p(h) + 5*t(h). Determine l(-2).
-5
Let h(p) = -2*p**2 + 6*p + 1. Let m be (5 - (-75)/(-20))*4 + 0. What is h(m)?
-19
Let f(g) be the third derivative of g**4/3 - g**3/6 - 2*g**2. Suppose -3 = -5*k + l + 9, -4*l - 16 = -4*k. Suppose 7 = 5*w + k. What is f(w)?
7
Let q(c) = 3*c**2 + c + 2. Let i be (24/(-20))/(24/(-40)). Calculate q(i).
16
Let x(h) = h**3 + h**2 - h - 26. Suppose 0 = -5*q - q - 3*q. Give x(q).
-26
Let z = 1018 - 1012. Let s(l) = l - 1. Calculate s(z).
5
Suppose 5*m - m = 8. Suppose -m*x + 4*x - 8 = 0. Let u(g) be the third derivative of -g**4/12 - g**3/6 + 12*g**2. What is u(x)?
-9
Suppose -3*s = -3 - 0. Suppose 0 = 5*i - d - 44, -2*d - s = 2*i - 9. Let g(c) = -5*c + 3*c - 6*c**2 + i + c**3 - c**2. Determine g(7).
-6
Let r be ((-8)/(-3))/(2/(-6)). Let v(a) be the second derivative of -a**5/20 - 3*a**4/4 - 3*a**3/2 - 4*a**2 - 70*a - 2. What is v(r)?
0
Let j(v) = -4*v + 10. Let r(d) = -d + 1. Let g(h) = j(h) - 3*r(h). Let f(i) = -i**2 + 4*i. Let n be f(3). Suppose 0 = k + n*k. What is g(k)?
7
Let q(h) = h**3 + 5*h**2 + 2*h + 3. Let u be q(-4). Let k(j) = -j**2 + u*j + j - 10*j + 1. Calculate k(2).
1
Let u(l) be the second derivative of -l**6/360 - l**5/15 + 13*l**4/4 - 10*l. Let s(p) be the third derivative of u(p). Calculate s(-6).
4
Let g(k) = -26*k**3 + 4*k**2 - 11*k + 7. Let z(h) = 9*h**3 - h**2 + 3*h - 2. Let a(d) = -2*g(d) - 7*z(d). Determine a(1).
-11
Let q be (8/20)/((-1)/(-5)). Let r(m) = 9*m**q - 12*m**2 + 1 - m + 18*m**2. Calculate r(1).
15
Let g be ((-171)/95)/(1/(-5)). Let s(c) = -c**2 + 9*c - 8. Let k(m) = -1. Let b(f) = 4*k(f) - s(f). Calculate b(g).
4
Let w be (-2)/3 - 10/(-15). Suppose 2*l - 8 + 2 = 0. Let z(n) = 12*n - 8*n - n**l - 3*n + 0*n + 10. Give z(w).
10
Suppose 2*o = -3*p - 9, -4*o - 19 = -5*p - 12. Let k(s) = 16*s**3 + s + 1. Determine k(p).
-16
Suppose 82*x = 81*x. Let g be (-10 - x)*2/4. Let l(j) = -j**2 + j + 4. What is l(g)?
-26
Let l(w) be the third derivative of -w**5/60 + w**4/12 + w**3/3 + 36*w**2 - 2. Give l(2).
2
Let n be 2 + 108/(1 - 13). Let f(z) = z**2 + 6*z - 10. Calculate f(n).
-3
Let a be (3 - 0)/((-11)/(-22)). Let y(s) = 3*s - 2. Let r(o) = 3*o - 3. Let i(g) = a*y(g) - 5*r(g). Calculate i(3).
12
Let r(s) = s**2 - 7*s + 18. Suppose -2*b + 16*q + 4 = 12*q, -q = -b + 3. Give r(b).
6
Let r(m) = m - 5*m**2 - 11*m**3 + 5*m**2. Suppose 3*p + 6 = 61*t - 58*t, 4*t = -4*p. Calculate r(t).
-10
Let r(o) = -6*o + 1. Let v(d) = -4*d + 5. Let b be v(-7). Suppose -2*x - 5*y = b, 3*y + 11 = -2*x + 3*x. Let s be x + 2/((-8)/(-12)). Determine r(s).
7
Let g(q) = -5*q**3 + 5*q**2 - q + 6. Let j(w) = -11*w**3 + 10*w**2 - 3*w + 12. Let p = 13 + -19. Let a(n) = p*j(n) + 13*g(n). Calculate a(-4).
2
Let y(m) = 2*m + 3. Let x(q) = -6*q**2 - 5*q - 3. Let t be x(-1). Let b be (2 + -3 + 2)/((-1)/t). Determine y(b).
11
Suppose 0 = -6*s - 2*s + 16. Let z(w) = -s + 10*w - 4 + w**3 + 0*w**3 + 0*w**2 - 10*w**2. What is z(9)?
3
Let b(x) = 4*x - 16. Suppose 33*d - 18*d = 45. What is b(d)?
-4
Let b(i) = i. Let j be b(-4). Let r(q) be the third derivative of -q**6/120 - q**5/15 + q**4/6 + q**3/3 - 2*q**2 + 323. Give r(j).
-14
Suppose f + 10 = -4*b + 9, -3*f - 3*b = 21. Let n(r) = -r - 6. Give n(f).
3
Let j(q) = -9*q - 7. Let s(o) = o + 2. Let r(t) = -j(t) - 2*s(t). What is r(-2)?
-11
Let f(n) = n**3 + 4*n**2 - 6*n - 3. Suppose 30 = -4*s - 2*l, -s + 6 = -3*l - 4. Determine f(s).
2
Let f(s) be the third derivative of s**6/360 + 7*s**5/120 + s**4/4 + 49*s**3/6 - 4*s**2. Let z(y) be the first derivative of f(y). Give z(-6).
0
Let r(k) = k - 13. Let d be r(17). Suppose -26 = -2*w + 4*f, 0 = 6*w - 4*w + 3*f - 54. Let x(t) = -1 + w*t - 1 - 18*t - 3. Give x(d).
7
Suppose -4*v - 52 = 2*w, -4*w + 8 = -v - 5. Let b = -9 - v. Let g(j) = -j**3 + 4*j**2 + j + 4. Give g(b).
8
Let l be (2 + 1 - -1) + -1. Let q(g) = -g - 13. Let o be q(-15). Let w(n) = -n**3 + 5*n**o - 1 - 3 + 4*n - 7*n. Determine w(l).
5
Suppose -17*j = -18*j. Suppose j = 2*x - 2 - 12. Let u(y) = y - x - y + y + 2. Calculate u(-5).
-10
Suppose 25 = -19*f + 14*f. Let s(c) = c**2 - 7. Determine s(f).
18
Suppose 3*j = -4*a + 5*j - 2, -3*j + 7 = -4*a. Let d(h) = 3*h**3 - 1 + h**2 + 2*h**a - h**2 + 2*h. Determine d(-2).
-21
Suppose -2*i + 10 = -4*i, 4*i + 52 = x. Let l be x/(-14) + (-8)/(-28). Let y(m) be the third derivative of m**4/4 + m**2. Calculate y(l).
-12
Suppose 25 = -c - 8*b + 3*b, 4*c - 4*b - 20 = 0. Let w(u) be the first derivative of -2*u + 4 + 1/2*u**2. Give w(c).
-2
Suppose -2*p + 13 = -3*i, 3*p - 5*p = -4. Let w(d) = 1 + 1 - 3*d + 0*d**2 - 2*d**2. Let z(g) = -2*g**2 - 4*g + 2. Let l(x) = -3*w(x) + 2*z(x). Calculate l(i).
13
Let b(z) = -8*z + 23. Let m(n) = -9*n + 24. Let r(q) = -5*b(q) + 6*m(q). Let x(c) = -5*c + 10. Let f(w) = -4*r(w) + 11*x(w). Calculate f(7).
1
Let l(c) be the second derivative of c**7/840 - c**6/360 - c**5/24 + c**4/6 - 17*c**3/6 + 10*c. Let g(b) be the second derivative of l(b). What is g(3)?
7
Let k(z) be the first derivative of z**2/2 - 5*z - 10. Calculate k(-7).
-12
Let o(v) = -v + 4. Let m be (-2)/11 + (86/(-11) - -4). Let n be (0/(-3 - -7))/((-8)/m). Determine o(n).
4
Let r(v) = 2*v**2 - v**3 + 0*v**3 + 4*v - 8 + 4*v**2. Let m(g) = g + 1. Suppose 4*h - h + 3*j = 12, -22 = 2*h - 4*j. Let z(c) = h*r(c) + m(c). Give z(6).
-9
Let z be 2 - (1 + -3 + 1). Let i be (0/(-2))/(-3) + 3. Let m(j) = -2 + i*j**2 - 2*j**2 - z*j + 0 + 4. What is m(4)?
6
Let s(p) = -p**3 - p + 5. Let t = 1 - -4. Let l(n) = -t - 3 - n + 0 + 1. Let j be l(-7). Determine s(j).
5
Suppose -24 = 4*q - 3*k, 2*k + 1 = 9. Let p(g) = 9*g**2 - 4*g - 6. Let d(a) = 5*a**2 - 2*a - 3. Let o(s) = 11*d(s) - 6*p(s). Calculate o(q).
6
Suppose -4*a = a - 120. Let p = 25 - a. Let c(x) = -12*x**2 - 2*x - 1. Let y(g) = -49*g**2 - 9*g - 5. Let d(f) = -9*c(f) + 2*y(f). Give d(p).
9
Let i(k) = k - 6. Suppose 3*z - 76 = 11. Suppose 5*c - 2*h = z, -4*h - 2 = c + 1. What is i(c)?
-1
Let m(q) = -35*q + 16*q + 31 + 3*q + 0*q. What is m(2)?
-1
Let n(q) = 19*q - q**2 - 79*q + 35*q - 3 + 17*q. Let p = -16 - -10. What is n(p)?
9
Let n(j) = -20*j + 5*j + 1 + 6*j + 5*j. Give n(1).
-3
Let m(r) = -r + 14. Suppose -3*k + 19 = -11. Calculate m(k).
4
Let h(j) be the third derivative of 0 - 1/24*j**4 + 1/3*j**3 + 18*j**2 + 0*j. Let l = 0 + 6. Calculate h(l).
-4
Let g(w) be the second derivative of -w**5/20 + 5*w**4/6 - w**3/3 + 8*w**2 + 489*w. Give g(10).
-4
Let k(u) be the third derivative of u**6/120 + u**5/10 - u**4/24 + u**3/6 + 107*u**2. Determine k(-6).
7
Suppose 0 = 6*q - 2*q - 12. Let g(a) = a**2. Let b be g(q). Let p(x) = x**2 - 8*x - 1. What is p(b)?
8
Let h(i) = -7*i + 0 - 3 + 0 - 1 + 7. Calculate h(-2).
17
Let y(l) = -1. Let k(o) = o + 2. Let q(a) = -2*k(a) - 3*y(a). Suppose -c = d + 19 - 15, 0 = d + 5*c + 24. What is q(d)?
-3
Let p(z) = -10*z**2 + 9*z + 2. Let v be p(3). Let f = v - -58. Let o(r) = 3*r. Determine o(f).
-9
Let b(t) = 1 + 2 + 1 - 1 - t. Let w(v) = 2 - 3 - 1 + v + 7. Let m be w(-5). Give b(m).
3
Let z(c) = -5*c**2 - 5*c**3 - 3*c**2 + 1364*c + 4*c**3 + 6 - 1375*c. Give z(-6).
0
Let h = 7 + -7. Let f(o) = 3*o - 3*o + o**3 + 11 + 5*o**2 - 6*o**2. Determine f(h).
11
Let q(r) = r**3 + 6*r**2. Let t = 91 - 36. Suppose -5*x - t = 5*i, -x - 3*i + 9 = -6*i. What is q(x)?
0
Suppose -2*a = -2*i - 92, -4*a - i + 84 = -90. Let g = a + -47. Let c(m) = -m**3 - m**2 - 1. Let o(k) = -2*k**3 -